mmon divisor of 160 and 80?
80
What is the highest common divisor of 885 and 15?
15
What is the highest common factor of 20 and 3940?
20
Calculate the greatest common divisor of 3393 and 45.
9
Calculate the greatest common divisor of 1440 and 450.
90
Calculate the greatest common divisor of 366 and 8.
2
Calculate the greatest common divisor of 30 and 19350.
30
What is the highest common divisor of 36093 and 159?
159
Calculate the greatest common factor of 198 and 5214.
66
What is the highest common factor of 22 and 1507?
11
What is the highest common divisor of 888 and 13653?
111
Calculate the greatest common factor of 65 and 8905.
65
What is the greatest common divisor of 1305 and 45?
45
Calculate the greatest common divisor of 546 and 91.
91
What is the greatest common factor of 14 and 10766?
14
Calculate the highest common divisor of 40 and 152.
8
Calculate the highest common factor of 5140 and 580.
20
What is the highest common divisor of 5 and 145?
5
What is the greatest common divisor of 30492 and 504?
252
Calculate the greatest common divisor of 4 and 26.
2
Calculate the greatest common factor of 96 and 32.
32
What is the greatest common divisor of 896 and 84?
28
Calculate the highest common factor of 441 and 1225.
49
What is the greatest common factor of 112 and 84?
28
What is the greatest common factor of 2304 and 180?
36
Calculate the greatest common divisor of 8 and 288.
8
What is the greatest common factor of 4 and 428?
4
What is the greatest common divisor of 9 and 333?
9
What is the greatest common factor of 189 and 76923?
189
Calculate the greatest common divisor of 8744 and 8.
8
What is the greatest common factor of 14 and 112?
14
What is the greatest common divisor of 609 and 882?
21
What is the greatest common factor of 84 and 56?
28
What is the greatest common divisor of 1786 and 38?
38
What is the highest common factor of 4 and 4?
4
Calculate the highest common divisor of 404 and 20.
4
What is the greatest common divisor of 1254 and 297?
33
What is the highest common factor of 47 and 5734?
47
What is the highest common divisor of 539 and 88?
11
What is the highest common divisor of 155 and 10?
5
What is the greatest common factor of 10926 and 36?
18
What is the highest common factor of 56 and 126?
14
Calculate the highest common factor of 105 and 672.
21
What is the greatest common divisor of 109 and 76409?
109
What is the greatest common divisor of 3286 and 62?
62
Calculate the greatest common divisor of 28 and 308.
28
What is the greatest common factor of 26 and 338?
26
Calculate the highest common factor of 3504 and 48.
48
Calculate the highest common divisor of 3698 and 516.
86
What is the greatest common factor of 2288 and 52?
52
What is the greatest common factor of 968 and 88?
88
Calculate the highest common divisor of 218 and 26051.
109
What is the highest common factor of 4 and 2456?
4
Calculate the greatest common divisor of 17 and 6137.
17
Calculate the highest common factor of 160 and 4.
4
What is the highest common divisor of 3775 and 2567?
151
Calculate the highest common factor of 2 and 3.
1
Calculate the greatest common factor of 824 and 1751.
103
Calculate the greatest common factor of 1155 and 110.
55
What is the highest common factor of 2605 and 10?
5
What is the highest common factor of 48 and 16?
16
What is the highest common divisor of 153 and 15453?
153
Calculate the highest common factor of 36 and 3396.
12
Calculate the greatest common divisor of 1673 and 28.
7
What is the highest common factor of 20696 and 104?
104
What is the highest common divisor of 136 and 184?
8
What is the highest common factor of 91 and 21?
7
Calculate the greatest common divisor of 60 and 460.
20
Calculate the greatest common divisor of 777 and 444.
111
Calculate the highest common factor of 606 and 6.
6
What is the highest common factor of 477 and 212?
53
What is the highest common factor of 45998 and 218?
218
What is the greatest common factor of 60 and 252?
12
What is the greatest common factor of 29975 and 75?
25
What is the greatest common factor of 2 and 3394?
2
Calculate the greatest common factor of 606 and 22119.
303
Calculate the highest common factor of 2650 and 200.
50
Calculate the highest common divisor of 1302 and 70.
14
What is the greatest common factor of 190 and 209?
19
What is the highest common factor of 71 and 2059?
71
What is the highest common divisor of 225 and 100?
25
What is the highest common factor of 96 and 288?
96
What is the highest common divisor of 110 and 528?
22
What is the highest common factor of 246 and 6?
6
Calculate the greatest common divisor of 5 and 691.
1
What is the greatest common factor of 279 and 9?
9
Calculate the highest common divisor of 414 and 322.
46
Calculate the highest common factor of 162 and 1377.
81
Calculate the greatest common divisor of 3139 and 146.
73
What is the greatest common factor of 116 and 2668?
116
Calculate the highest common factor of 66 and 187.
11
Calculate the highest common factor of 2678 and 26.
26
Calculate the highest common divisor of 1941 and 36.
3
Calculate the greatest common divisor of 43 and 989.
43
Calculate the highest common divisor of 48 and 128.
16
Calculate the greatest common factor of 17792 and 695.
139
Calculate the highest common divisor of 2001 and 609.
87
Calculate the highest common factor of 4 and 421.
1
What is the greatest common divisor of 9 and 576?
9
Calculate the greatest common divisor of 375 and 225.
75
Calculate the highest common divisor of 572 and 1232.
44
Calculate the greatest common divisor of 6 and 282.
6
Calculate the greatest common factor of 244 and 12.
4
What is the greatest common factor of 364 and 4802?
14
Calculate the greatest common factor of 35 and 63.
7
Calculate the greatest common divisor of 115 and 20.
5
Calculate the greatest common factor of 57 and 15.
3
What is the highest common divisor of 9 and 198?
9
What is the greatest common divisor of 24797 and 543?
181
What is the greatest common factor of 75 and 510?
15
Calculate the greatest common divisor of 24 and 690.
6
What is the greatest common divisor of 1661 and 11?
11
What is the greatest common divisor of 8 and 32?
8
What is the greatest common factor of 108 and 1332?
36
Calculate the highest common factor of 220 and 2035.
55
Calculate the greatest common divisor of 24 and 708.
12
What is the highest common divisor of 17 and 3?
1
Calculate the highest common divisor of 82 and 5822.
82
What is the highest common divisor of 1281 and 21?
21
Calculate the highest common factor of 18 and 9756.
18
What is the highest common factor of 1980 and 270?
90
What is the highest common divisor of 1333 and 496?
31
What is the greatest common divisor of 240 and 192?
48
Calculate the highest common divisor of 57 and 57.
57
Calculate the greatest common divisor of 32 and 2.
2
Calculate the greatest common factor of 1050 and 42.
42
What is the highest common factor of 905 and 7964?
181
Calculate the greatest common divisor of 178 and 3293.
89
What is the greatest common factor of 585 and 30?
15
Calculate the highest common factor of 57 and 510.
3
Calculate the highest common divisor of 184 and 31832.
184
Calculate the greatest common divisor of 45 and 75.
15
Calculate the greatest common divisor of 6258 and 42.
42
What is the greatest common factor of 10 and 135?
5
What is the highest common factor of 1920 and 40?
40
Calculate the highest common divisor of 68 and 1411.
17
Calculate the highest common divisor of 399 and 2527.
133
What is the greatest common divisor of 98 and 1526?
14
Calculate the highest common factor of 231 and 99.
33
Calculate the greatest common divisor of 94 and 2115.
47
Calculate the highest common factor of 462 and 1584.
66
What is the greatest common factor of 30 and 6?
6
Calculate the greatest common divisor of 3914 and 38.
38
What is the greatest common factor of 17617 and 79?
79
What is the greatest common factor of 9062 and 46?
46
What is the greatest common factor of 37563 and 57?
57
Calculate the greatest common factor of 55 and 25740.
55
Calculate the greatest common factor of 9207 and 176.
11
What is the greatest common factor of 32 and 24?
8
Calculate the highest common factor of 299 and 966.
23
Calculate the greatest com